{"id":332,"date":"2023-10-31T14:56:51","date_gmt":"2023-10-31T14:56:51","guid":{"rendered":"http:\/\/sw-themes.com\/porto_dummy\/?page_id=332"},"modified":"2025-07-12T15:55:02","modified_gmt":"2025-07-12T20:55:02","slug":"about-us","status":"publish","type":"page","link":"https:\/\/sinergiaagencylatam.com\/index.php\/about-us\/","title":{"rendered":"About Us"},"content":{"rendered":"<div class=\"wpb-content-wrapper\"><p>[vc_row wrap_container=\u00bbyes\u00bb el_class=\u00bbz-index-1 position-relative\u00bb css=\u00bb.vc_custom_1698853665586{margin-top: -70px !important;}\u00bb conditional_render=\u00bb%5B%7B%22value_role%22%3A%22administrator%22%7D%5D\u00bb][vc_column css=\u00bb.vc_custom_1698857997787{padding-top: 70px !important;padding-bottom: 70px !important;background-color: #ffffff !important;}\u00bb conditional_render=\u00bb%5B%7B%22value_role%22%3A%22administrator%22%7D%5D\u00bb el_class=\u00bbpx-lg-5 mb-1&#8243;]<div class=\"porto-ultimate-content-box-container px-lg-3\"><div class=\"porto-ultimate-content-box porto_ucb_e35a9346cd70594d63c013acc42ebe9d\" style=\"\">[vc_custom_heading text=\u00bbSinergia Agency es una agencia creativa especializada en comunicaci\u00f3n estrat\u00e9gica, publicidad y soluciones digitales.\u00bb font_container=\u00bbtag:p|font_size:1.35em|text_align:left|color:%23121212|line_height:1.7&#8243; use_theme_fonts=\u00bbyes\u00bb letter_spacing=\u00bb0&#8243; el_class=\u00bbpb-1 mb-4 mb-lg-2 mb-xl-4&#8243; css_params=\u00bb\u00bb]<\/div><\/div>[vc_row_inner el_class=\u00bbpx-lg-3 py-4&#8243;][vc_column_inner el_class=\u00bbmb-5 mb-lg-0&#8243; offset=\u00bbvc_col-md-6&#8243;][vc_single_image image=\u00bb345&#8243; img_size=\u00bbfull\u00bb el_class=\u00bbcustom-border-radius-1 overflow-hidden mb-0&#8243;][\/vc_column_inner][vc_column_inner el_class=\u00bbps-lg-4&#8243; offset=\u00bbvc_col-md-6&#8243;][vc_custom_heading text=\u00bbCon m\u00e1s de 10 a\u00f1os de experiencia, ayudamos a marcas a conectar de forma aut\u00e9ntica con su audiencia a trav\u00e9s de ideas poderosas, tecnolog\u00eda e inteligencia artificial. Desde redes sociales y campa\u00f1as digitales hasta producci\u00f3n audiovisual, desarrollo web y eventos, dise\u00f1amos estrategias a la medida con enfoque en resultados.\u00bb font_container=\u00bbtag:p|font_size:1.2em|text_align:left|color:%23777777|line_height:1.7&#8243; use_theme_fonts=\u00bbyes\u00bb letter_spacing=\u00bb0&#8243; css_params=\u00bb\u00bb][vc_custom_heading text=\u00bbSi buscas innovaci\u00f3n, impacto y ejecuci\u00f3n impecable, hablemos.\u00bb font_container=\u00bbtag:p|font_size:1.2em|text_align:left|color:%23777777|line_height:1.7&#8243; use_theme_fonts=\u00bbyes\u00bb letter_spacing=\u00bb0&#8243; css_params=\u00bb\u00bb][vc_btn title=\u00bbHaz Clic Aqu\u00ed \u00bb style=\u00bbmodern\u00bb shape=\u00bbsquare\u00bb align=\u00bbleft\u00bb i_align=\u00bbright\u00bb i_icon_fontawesome=\u00bbfas fa-arrow-right\u00bb skin=\u00bbprimary\u00bb btn_fs=\u00bb14px\u00bb btn_fw=\u00bb600&#8243; btn_ls=\u00bb0&#8243; el_cls=\u00bbpx-2 py-1 text-dark text-capitalize\u00bb animation_delay=\u00bb300&#8243; add_icon=\u00bbtrue\u00bb btn_icon_size=\u00bb{\u00abxl\u00ab:\u00ab14\u00ab,\u00abunit\u00ab:\u00ab\u00ab,\u00abxs\u00ab:\u00ab\u00ab,\u00absm\u00ab:\u00ab\u00ab,\u00abmd\u00ab:\u00ab\u00ab,\u00ablg\u00ab:\u00ab\u00ab}\u00bb btn_icon_spacing=\u00bb{\u00abxl\u00ab:\u00ab8\u00ab,\u00abunit\u00ab:\u00ab\u00ab,\u00abxs\u00ab:\u00ab\u00ab,\u00absm\u00ab:\u00ab\u00ab,\u00abmd\u00ab:\u00ab\u00ab,\u00ablg\u00ab:\u00ab\u00ab}\u00bb el_class=\u00bbmb-0 rotate-45-icon pt-4&#8243; animation_type=\u00bbfadeIn\u00bb css_params=\u00bb\u00bb link=\u00bburl:https%3A%2F%2Fwa.me%2F50769543329%3Ftext%3DHola%2C%2520me%2520gustar%C3%ADa%2520m%C3%A1s%2520informaci%C3%B3n\u00bb][\/vc_column_inner][\/vc_row_inner][vc_custom_heading text=\u00bbNuestra misi\u00f3n es impulsar el crecimiento y relevancia de las marcas mediante estrategias a la medida, respaldadas por an\u00e1lisis de datos y un entendimiento profundo del entorno digital y comunicacional.\u00bb font_container=\u00bbtag:p|font_size:1.2em|text_align:left|color:%23777777|line_height:1.7&#8243; use_theme_fonts=\u00bbyes\u00bb letter_spacing=\u00bb0&#8243; css_params=\u00bb\u00bb][vc_custom_heading text=\u00bbNuestra visi\u00f3n es ser referentes en soluciones publicitarias vanguardistas que generen resultados tangibles, aportando valor real y sostenible a nuestros clientes.\u00bb font_container=\u00bbtag:p|font_size:1.2em|text_align:left|color:%23777777|line_height:1.7&#8243; use_theme_fonts=\u00bbyes\u00bb letter_spacing=\u00bb0&#8243; css_params=\u00bb\u00bb][vc_custom_heading text=\u00bbEn Sinergia Agency, creemos en el poder de las ideas, en la sinergia entre creatividad y tecnolog\u00eda, y en la capacidad de transformar desaf\u00edos en oportunidades para crecer.\u00bb font_container=\u00bbtag:p|font_size:1.2em|text_align:left|color:%23777777|line_height:1.7&#8243; use_theme_fonts=\u00bbyes\u00bb letter_spacing=\u00bb0&#8243; css_params=\u00bb\u00bb][vc_custom_heading text=\u00bb\u00bb font_container=\u00bbtag:p|font_size:1.2em|text_align:left|color:%23777777|line_height:1.7&#8243; use_theme_fonts=\u00bbyes\u00bb letter_spacing=\u00bb0&#8243; css_params=\u00bb\u00bb][vc_row_inner el_class=\u00bbpx-lg-3&#8243;][vc_column_inner el_class=\u00bbmb-4&#8243; width=\u00bb1\/2&#8243; offset=\u00bbvc_col-md-4&#8243;]<div class=\"porto-ultimate-content-box-container \"><div class=\"porto-ultimate-content-box vc_custom_1698778904470 porto_ucb_e35a9346cd70594d63c013acc42ebe9d\" style=\"background-color:#121212;\" data-bg=\"#121212\"><div class=\"porto-u-heading mb-0 custom-font-size-1  wpb_custom_8b5efbaf2d50e43e32767880fa8b58c4 porto-u-ad87e2eaf3f9c495180fe0156ddf3eb0 \"><div class=\"porto-u-main-heading\"><h2   style=\"color:#ffffff;margin-bottom: 48px;\">345+<\/h2><\/div><div class=\"porto-u-sub-heading\" style=\"color: #ffffff;\">Cras a elit sit amet leo accumsan volutpat.<\/div><style>.porto-u-ad87e2eaf3f9c495180fe0156ddf3eb0.porto-u-heading{text-align:left}<\/style><\/div><\/div><\/div>[\/vc_column_inner][vc_column_inner el_class=\u00bbmb-4&#8243; width=\u00bb1\/2&#8243; offset=\u00bbvc_col-md-4&#8243;]<div class=\"porto-ultimate-content-box-container \"><div class=\"porto-ultimate-content-box vc_custom_1698778904470 porto_ucb_e35a9346cd70594d63c013acc42ebe9d\" style=\"background-color:#121212;\" data-bg=\"#121212\"><div class=\"porto-u-heading mb-0 custom-font-size-1  wpb_custom_8b5efbaf2d50e43e32767880fa8b58c4 porto-u-ad87e2eaf3f9c495180fe0156ddf3eb0 \"><div class=\"porto-u-main-heading\"><h2   style=\"color:#ffffff;margin-bottom: 48px;\">1000+<\/h2><\/div><div class=\"porto-u-sub-heading\" style=\"color: #ffffff;\">A crasa elit sit amet leo accumsan volutpat.<\/div><style>.porto-u-ad87e2eaf3f9c495180fe0156ddf3eb0.porto-u-heading{text-align:left}<\/style><\/div><\/div><\/div>[\/vc_column_inner][vc_column_inner el_class=\u00bbmb-4&#8243; width=\u00bb1\/2&#8243; offset=\u00bbvc_col-md-4&#8243;]<div class=\"porto-ultimate-content-box-container \"><div class=\"porto-ultimate-content-box vc_custom_1698778904470 porto_ucb_e35a9346cd70594d63c013acc42ebe9d\" style=\"background-color:#121212;\" data-bg=\"#121212\"><div class=\"porto-u-heading mb-0 custom-font-size-1  wpb_custom_8b5efbaf2d50e43e32767880fa8b58c4 porto-u-ad87e2eaf3f9c495180fe0156ddf3eb0 \"><div class=\"porto-u-main-heading\"><h2   style=\"color:#ffffff;margin-bottom: 48px;\">123+<\/h2><\/div><div class=\"porto-u-sub-heading\" style=\"color: #ffffff;\">Elit cras a elit sit amet leo accumsan volutpat.<\/div><style>.porto-u-ad87e2eaf3f9c495180fe0156ddf3eb0.porto-u-heading{text-align:left}<\/style><\/div><\/div><\/div>[\/vc_column_inner][vc_column_inner el_class=\u00bbmb-4&#8243; width=\u00bb1\/2&#8243; offset=\u00bbvc_col-md-4&#8243;]<div class=\"porto-ultimate-content-box-container \"><div class=\"porto-ultimate-content-box vc_custom_1698778904470 porto_ucb_e35a9346cd70594d63c013acc42ebe9d\" style=\"background-color:#121212;\" data-bg=\"#121212\"><div class=\"porto-u-heading mb-0 custom-font-size-1  wpb_custom_8b5efbaf2d50e43e32767880fa8b58c4 porto-u-ad87e2eaf3f9c495180fe0156ddf3eb0 \"><div class=\"porto-u-main-heading\"><h2   style=\"color:#ffffff;margin-bottom: 48px;\">15+<\/h2><\/div><div class=\"porto-u-sub-heading\" style=\"color: #ffffff;\">Sit cras a elit sit amet leo accumsan volutpat.<\/div><style>.porto-u-ad87e2eaf3f9c495180fe0156ddf3eb0.porto-u-heading{text-align:left}<\/style><\/div><\/div><\/div>[\/vc_column_inner][vc_column_inner el_class=\u00bbmb-4&#8243; width=\u00bb1\/2&#8243; offset=\u00bbvc_col-md-4&#8243;]<div class=\"porto-ultimate-content-box-container \"><div class=\"porto-ultimate-content-box vc_custom_1698778904470 porto_ucb_e35a9346cd70594d63c013acc42ebe9d\" style=\"background-color:#121212;\" data-bg=\"#121212\"><div class=\"porto-u-heading mb-0 custom-font-size-1  wpb_custom_8b5efbaf2d50e43e32767880fa8b58c4 porto-u-ad87e2eaf3f9c495180fe0156ddf3eb0 \"><div class=\"porto-u-main-heading\"><h2   style=\"color:#ffffff;margin-bottom: 48px;\">45+<\/h2><\/div><div class=\"porto-u-sub-heading\" style=\"color: #ffffff;\">Lorem a elit sit amet leo accumsan volutpat.<\/div><style>.porto-u-ad87e2eaf3f9c495180fe0156ddf3eb0.porto-u-heading{text-align:left}<\/style><\/div><\/div><\/div>[\/vc_column_inner][vc_column_inner el_class=\u00bbmb-4&#8243; width=\u00bb1\/2&#8243; offset=\u00bbvc_col-md-4&#8243;]<div class=\"porto-ultimate-content-box-container \"><div class=\"porto-ultimate-content-box vc_custom_1698778904470 porto_ucb_e35a9346cd70594d63c013acc42ebe9d\" style=\"background-color:#121212;\" data-bg=\"#121212\"><div class=\"porto-u-heading mb-0 custom-font-size-1  wpb_custom_8b5efbaf2d50e43e32767880fa8b58c4 porto-u-ad87e2eaf3f9c495180fe0156ddf3eb0 \"><div class=\"porto-u-main-heading\"><h2   style=\"color:#ffffff;margin-bottom: 48px;\">345+<\/h2><\/div><div class=\"porto-u-sub-heading\" style=\"color: #ffffff;\">Cras a elit sit amet leo accumsan volutpat.<\/div><style>.porto-u-ad87e2eaf3f9c495180fe0156ddf3eb0.porto-u-heading{text-align:left}<\/style><\/div><\/div><\/div>[\/vc_column_inner][\/vc_row_inner][\/vc_column][\/vc_row]<\/p>\n<\/div>","protected":false},"excerpt":{"rendered":"<p>[vc_row wrap_container=\u00bbyes\u00bb el_class=\u00bbz-index-1 position-relative\u00bb css=\u00bb.vc_custom_1698853665586{margin-top: -70px !important;}\u00bb conditional_render=\u00bb%5B%7B%22value_role%22%3A%22administrator%22%7D%5D\u00bb][vc_column css=\u00bb.vc_custom_1698857997787{padding-top: 70px !important;padding-bottom: 70px !important;background-color: #ffffff !important;}\u00bb conditional_render=\u00bb%5B%7B%22value_role%22%3A%22administrator%22%7D%5D\u00bb el_class=\u00bbpx-lg-5 mb-1&#8243;][vc_row_inner el_class=\u00bbpx-lg-3 py-4&#8243;][vc_column_inner el_class=\u00bbmb-5 mb-lg-0&#8243; offset=\u00bbvc_col-md-6&#8243;][vc_single_image image=\u00bb345&#8243; img_size=\u00bbfull\u00bb el_class=\u00bbcustom-border-radius-1 overflow-hidden mb-0&#8243;][\/vc_column_inner][vc_column_inner el_class=\u00bbps-lg-4&#8243; offset=\u00bbvc_col-md-6&#8243;][vc_custom_heading text=\u00bbCon m\u00e1s de 10 a\u00f1os de experiencia, ayudamos a marcas a conectar de forma aut\u00e9ntica con su audiencia a trav\u00e9s de ideas poderosas, tecnolog\u00eda e [&hellip;]<\/p>\n","protected":false},"author":1,"featured_media":0,"parent":0,"menu_order":0,"comment_status":"closed","ping_status":"closed","template":"","meta":{"footnotes":""},"class_list":["post-332","page","type-page","status-publish","hentry"],"_links":{"self":[{"href":"https:\/\/sinergiaagencylatam.com\/index.php\/wp-json\/wp\/v2\/pages\/332","targetHints":{"allow":["GET"]}}],"collection":[{"href":"https:\/\/sinergiaagencylatam.com\/index.php\/wp-json\/wp\/v2\/pages"}],"about":[{"href":"https:\/\/sinergiaagencylatam.com\/index.php\/wp-json\/wp\/v2\/types\/page"}],"author":[{"embeddable":true,"href":"https:\/\/sinergiaagencylatam.com\/index.php\/wp-json\/wp\/v2\/users\/1"}],"replies":[{"embeddable":true,"href":"https:\/\/sinergiaagencylatam.com\/index.php\/wp-json\/wp\/v2\/comments?post=332"}],"version-history":[{"count":8,"href":"https:\/\/sinergiaagencylatam.com\/index.php\/wp-json\/wp\/v2\/pages\/332\/revisions"}],"predecessor-version":[{"id":463,"href":"https:\/\/sinergiaagencylatam.com\/index.php\/wp-json\/wp\/v2\/pages\/332\/revisions\/463"}],"wp:attachment":[{"href":"https:\/\/sinergiaagencylatam.com\/index.php\/wp-json\/wp\/v2\/media?parent=332"}],"curies":[{"name":"wp","href":"https:\/\/api.w.org\/{rel}","templated":true}]}}